 thousands digit of 187773?
1
What is the hundreds digit of 11761?
7
What is the units digit of 610192?
2
What is the units digit of 2320092?
2
What is the units digit of 30164893?
3
What is the units digit of 793419?
9
What is the units digit of 103793?
3
What is the units digit of 182436?
6
What is the units digit of 163617?
7
What is the hundreds digit of 265905?
9
What is the hundreds digit of 221399?
3
What is the tens digit of 16274092?
9
What is the units digit of 910823?
3
What is the units digit of 5507380?
0
What is the units digit of 156512?
2
What is the ten thousands digit of 33572?
3
What is the hundred thousands digit of 2410575?
4
What is the tens digit of 1389164?
6
What is the thousands digit of 676525?
6
What is the tens digit of 6204219?
1
What is the units digit of 141330?
0
What is the thousands digit of 32631?
2
What is the units digit of 3147871?
1
What is the ten thousands digit of 31856506?
5
What is the units digit of 7906992?
2
What is the hundreds digit of 8473861?
8
What is the ten thousands digit of 622209?
2
What is the hundreds digit of 10701456?
4
What is the ten thousands digit of 162120?
6
What is the ten thousands digit of 521122?
2
What is the tens digit of 438146?
4
What is the millions digit of 26628911?
6
What is the hundreds digit of 43189?
1
What is the hundreds digit of 69358?
3
What is the thousands digit of 1471440?
1
What is the millions digit of 2969561?
2
What is the tens digit of 40248?
4
What is the hundreds digit of 824257?
2
What is the hundred thousands digit of 17784336?
7
What is the hundred thousands digit of 3450993?
4
What is the hundred thousands digit of 2696363?
6
What is the hundreds digit of 2721173?
1
What is the hundreds digit of 208031?
0
What is the hundred thousands digit of 39474670?
4
What is the hundred thousands digit of 5751381?
7
What is the thousands digit of 1019609?
9
What is the ten thousands digit of 5382156?
8
What is the units digit of 36043337?
7
What is the tens digit of 16814239?
3
What is the thousands digit of 23316831?
6
What is the millions digit of 1504854?
1
What is the hundreds digit of 430574?
5
What is the tens digit of 127541?
4
What is the thousands digit of 3451575?
1
What is the tens digit of 7445482?
8
What is the hundred thousands digit of 382587?
3
What is the thousands digit of 138902?
8
What is the units digit of 505466?
6
What is the units digit of 175486?
6
What is the hundred thousands digit of 24470573?
4
What is the ten thousands digit of 1415150?
1
What is the units digit of 2126244?
4
What is the thousands digit of 4232718?
2
What is the ten thousands digit of 1958919?
5
What is the tens digit of 25285441?
4
What is the hundred thousands digit of 339974?
3
What is the hundreds digit of 7229159?
1
What is the units digit of 3992283?
3
What is the ten thousands digit of 5646549?
4
What is the ten thousands digit of 1063895?
6
What is the ten thousands digit of 1495576?
9
What is the units digit of 136621?
1
What is the hundred thousands digit of 367147?
3
What is the hundreds digit of 7036033?
0
What is the tens digit of 415370?
7
What is the thousands digit of 295595?
5
What is the ten thousands digit of 159622?
5
What is the units digit of 207721?
1
What is the thousands digit of 12878499?
8
What is the units digit of 5479012?
2
What is the units digit of 706564?
4
What is the units digit of 3318933?
3
What is the tens digit of 365414?
1
What is the units digit of 883881?
1
What is the tens digit of 30512542?
4
What is the ten thousands digit of 304141?
0
What is the hundreds digit of 7252686?
6
What is the tens digit of 395949?
4
What is the units digit of 326468?
8
What is the hundreds digit of 265895?
8
What is the hundred thousands digit of 1485135?
4
What is the hundred thousands digit of 2374392?
3
What is the thousands digit of 3950170?
0
What is the hundred thousands digit of 261431?
2
What is the tens digit of 163463?
6
What is the ten thousands digit of 844771?
4
What is the millions digit of 1790254?
1
What is the ten thousands digit of 9348070?
4
What is the millions digit of 1107380?
1
What is the tens digit of 184773?
7
What is the units digit of 1253530?
0
What is the units digit of 969708?
8
What is the ten thousands digit of 116237?
1
What is the units digit of 684387?
7
What is the hundred thousands digit of 1685787?
6
What is the units digit of 173824?
4
What is the hundreds digit of 3533?
5
What is the units digit of 3355561?
1
What is the units digit of 2653051?
1
What is the thousands digit of 532765?
2
What is the tens digit of 2031697?
9
What is the thousands digit of 140462?
0
What is the tens digit of 479389?
8
What is the units digit of 417021?
1
What is the tens digit of 2631875?
7
What is the tens digit of 4365311?
1
What is the tens digit of 7844379?
7
What is the thousands digit of 590959?
0
What is the millions digit of 2975724?
2
What is the hundreds digit of 384826?
8
What is the hundred thousands digit of 2412384?
4
What is the units digit of 695099?
9
What is the units digit of 48132?
2
What is the hundred thousands digit of 474807?
4
What is the units digit of 266210?
0
What is the tens digit of 1726224?
2
What is the hundred thousands digit of 23506364?
5
What is the thousands digit of 230296?
0
What is the thousands digit of 42299?
2
What is the units digit of 292141?
1
What is the tens digit of 149726?
2
What is the thousands digit of 78722?
8
What is the units digit of 12491837?
7
What is the units digit of 7436382?
2
What is the millions digit of 1022457?
1
What is the ten thousands digit of 220237?
2
What is the thousands digit of 112629?
2
What is the tens digit of 13836046?
4
What is the units digit of 5116025?
5
What is the hundreds digit of 4423857?
8
What is the ten thousands digit of 16412474?
1
What is the thousands digit of 297825?
7
What is the ten thousands digit of 1367909?
6
What is the units digit of 183748?
8
What is the tens digit of 12434467?
6
What is the thousands digit of 6718593?
8
What is the units digit of 778639?
9
What is the tens digit of 522566?
6
What is the tens digit of 480663?
6
What is the tens digit of 445804?
0
What is the tens digit of 11826089?
8
What is the hundreds digit of 18859721?
7
What is the thousands digit of 926170?
6
What is the hundred thousands digit of 321295?
3
What is the hundred thousands digit of 2359713?
3
What is the units digit of 850673?
3
What is the ten millions digit of 10901294?
1
What is the thousands digit of 3535869?
5
What is the tens digit of 415056?
5
What is the hundreds digit of 933185?
1
What is the ten thousands digit of 476241?
7
What is the hundreds digit of 19225441?
4
What is the thousands digit of 66453?
6
What is the ten thousands digit of 11339874?
3
What is the ten thousands digit of 1133074?
3
What is the ten thousands digit of 1528365?
2
What is the units digit of 3608830?
0
What is the thousands digit of 458734?
8
What is the tens digit of 183458?
5
What is the hundreds digit of 11134146?
1
What is the tens digit of 623839?
3
What is the units digit of 57579?
9
What is the ten millions digit of 25511356?
2
What is the hundred thousands digit of 202270?
2
What is the hundreds digit of 271848?
8
What is the hundred thousands digit of 109802?
1
What is the hundred thousands digit of 923281?
9
What is the units digit of 1955943?
3
What is the thousands digit of 928991?
8
What is the thousands digit of 904776?
4
What is the ten thousands digit of 105269?
0
What is the ten thousands digit of 4050616?
5
What is the tens digit of 30608904?
0
What is the units digit of 4001229?
9
What is the tens digit of 2856023?
2
What is the hundred thousands digit of 11503102?
5
What is the units digit of 1579108?
8
What is the units digit of 223673?
3
What is the hundreds digit of 5058744?
7
What is the thousands digit of 46970?
6
What is the hundreds digit of 648396?
3
What is the tens digit of 1750338?
3
What is the thousands digit of 254375?
4
What is the hundred thousands digit of 2950755?
9
What is the ten thousands digit of 215218?
1
What is the units digit of 423157?
7
What is the hundred thousands digit of 923719?
9
What is the tens digit of 4077743?
4
What is the tens digit of 28575230?
3
What is the units digit of 1056